{"id":116,"date":"2015-12-15T11:18:23","date_gmt":"2015-12-15T10:18:23","guid":{"rendered":"http:\/\/www.convencio.at\/wordpress\/?page_id=116"},"modified":"2025-04-04T13:40:09","modified_gmt":"2025-04-04T11:40:09","slug":"netzwerk","status":"publish","type":"page","link":"https:\/\/www.convencio.at\/wordpress\/netzwerk\/","title":{"rendered":"Netzwerk"},"content":{"rendered":"\n\n\t\t\t\t<img loading=\"lazy\" src=\"https:\/\/www.convencio.at\/wordpress\/wp-content\/uploads\/2020\/09\/CONVENCIO_20-09_Websiteupdate-Neue-Linie_Header4.jpg\" alt=\"CONVENCIO_20-09_Websiteupdate-Neue-Linie_Header4\" itemprop=\"image\" height=\"800\" width=\"2500\" title=\"CONVENCIO_20-09_Websiteupdate-Neue-Linie_Header4\" onerror=\"this.style.display='none'\"  \/>\n\t<h3><strong>\u201eZUSAMMEN ARBEITEN, GEMEINSAM L\u00d6SUNGEN FINDEN UND ZUFRIEDEN STELLENDE SERVICELEISTUNGEN&#8221;<\/strong><br \/>\nDAS SIND DIE GRUNDLAGEN UND DAS FUNDAMENT FUNKTIONIERENDER NETZWERKE.<br \/>\nERFAHRUNGSWERTE UND SPEZIALISIERTES WISSEN SIND DIE BASIS F\u00dcR ERFOLGREICHE KOOPERATIONEN.<\/h3>\n\t<h4><strong>Uns ist es eine Herzensangelegenheit unsere Kunden zu einem partnerschaftlichen Netzwerk zu<br \/>\nverknu\u0308pfen. Der Erfolg liegt auf der Hand. Wir vernetzen und nutzen gemeinsam die Kraft jedes<br \/>\neinzelnen Unternehmens. Wir profitieren gemeinsam von den Besten und freuen uns miteinander<br \/>\nu\u0308ber gute Gesch\u00e4fte. Mehr Vorteile fu\u0308r alle!<\/strong><\/h4>\nProfessionelle Vertragswerkst\u00e4tten fu\u0308r Kasko- und sonstige Sch\u00e4den, natu\u0308rlich mit Leihwagen<br \/>\nfu\u0308r Sie oder mit einer \u201esauberen L\u00f6sung&#8221; &#8211; unserer Fahrzeugkomplettreinigung.<br \/>\nAusgew\u00e4hlte Sanierungsfirmen mit pers\u00f6nlichem Ansprechpartner aus dem Netzwerk, Rechtsanw\u00e4lte<br \/>\nund Steuerberater mit den besten Empfehlungen, handverlesene Physiotherapeuten und<br \/>\n\u00c4rzte mit mehr Zeit fu\u0308r Sie. Apropos Zeit: Sparen Sie sich Ihre wertvolle Zeit fu\u0308r mehr Freizeit,<br \/>\ndenn wir sparen nicht, wenn es um Sie und Ihr Unternehmen geht.<br \/>\n\n\t<h4><strong>UNSER BUSINESS-NETZWERK (auszugsweise)<\/strong><\/h4>\n<p>&nbsp;<\/p>\n<p><strong>KFZ-Werkst\u00e4tten<\/strong><\/p>\n<a href=\"https:\/\/www.kfz-steinmetz.at\/\" target=\"_blank\" rel=\"noopener\">KFZ Steinmetz<\/a> | Steinmetz GmbH &#8211; Mitterndorf 3, 3691 N\u00f6chling &#8211; Tel. 07414\/7310<br \/>\n<a href=\"http:\/\/www.profisamwerk.at\/\" target=\"_blank\" rel=\"noopener\">Fa. Strasser<\/a> | Abschleppdienst, Kfz-Technik, Karosserie und Oberfl\u00e4chentechnik &#8211; Jacob Mayer-Stra\u00dfe 2, 3300 Amstetten &#8211; Tel. 0664\/5439000<br \/>\n<a href=\"https:\/\/www.eigenthaler.at\" target=\"_blank\" rel=\"noopener\">Autohaus Eigenthaler GmbH<\/a>\u00a0 | Texing 15, 3242 Texing &#8211; Tel. 02755\/7224<br \/>\n<a href=\"https:\/\/www.eigenthaler.at\" target=\"_blank\" rel=\"noopener\">Autohaus Eigenthaler GmbH <\/a>\u00a0| Reichsstra\u00dfe 10, 3380 P\u00f6chlarn &#8211; Tel. 02757\/4555<br \/>\n<a href=\"https:\/\/www.pruckner.co.at\/\" target=\"_blank\" rel=\"noopener\">Autohaus Br\u00fcder Pruckner GesmbH<\/a> | Zur Autobahn 3, 3250 Wieselburg &#8211; Tel. 07416\/52466<br \/>\n<a href=\"https:\/\/www.pruckner.co.at\/\" target=\"_blank\" rel=\"noopener\">Autohaus Br\u00fcder Pruckner GesmbH<\/a> | Gewerbestr. 5, 3270 Scheibbs &#8211; Tel. 07482\/42966<br \/>\n<a href=\"https:\/\/www.slawitscheck.at\/\" target=\"_blank\" rel=\"noopener\">Slawitscheck Amstetten<\/a> | Landstra\u00dfe 22 &#8211; 3304 Amstetten\/St.Georgen &#8211; Tel. 07472\/66799<br \/>\n<a href=\"https:\/\/www.senker.at\" target=\"_blank\" rel=\"noopener\">Fa. Senker Ybbs<\/a> | Porschestra\u00dfe 2, 3370 Ybbs\/Donau &#8211; Tel. 07412 55700<br \/>\n<a href=\"https:\/\/www.senker.at\" target=\"_blank\" rel=\"noopener\">Fa. Senker Melk<\/a> | Abt Karl-Stra\u00dfe 80, 3390 Melk &#8211; Tel. 02752 50100<br \/>\n<a href=\"https:\/\/www.senker.at\" target=\"_blank\" rel=\"noopener\">Fa. Senker Amstetten<\/a> | Rauscherstr. 45, 3300 Amstetten-Neufurth &#8211; Tel. 07475\/9001<br \/>\n<a href=\"https:\/\/www.lagerhaus-mostviertelmitte.at\/atz-kilb+2500++1270849\" target=\"_blank\" rel=\"noopener\">ATZ Kilb<\/a> | Raiffeisen Lagerhaus &#8211; Bahnhofstr. 17, 3233 Kilb &#8211; Tel. 02748\/7571<br \/>\n<a href=\"https:\/\/atz-steinakirchen-wolfpassing.haendler.nissan.at\/de\/startseite?utm_source=sn&amp;utm_medium=cpc&amp;utm_campaign=ganzjahreskampagnen_sn&amp;utm_content=nissan_ATZ_steinakirchen\" target=\"_blank\" rel=\"noopener\">ATZ Steinakirchen<\/a> | Automeile 1, 3261 Wolfpassing\u00a0 &#8211; Tel. 07488\/71490<br \/>\n<a href=\"https:\/\/www.lagerhaus-mostviertelmitte.at\/atz-poechlarn+2500++1270848\" target=\"_blank\" rel=\"noopener\">ATZ P\u00f6chlarn<\/a> | Raiffeisen Lagerhaus &#8211; Bahnstr. 3-5, 3380 P\u00f6chlarn &#8211; Tel. 02757\/2666<br \/>\n<a href=\"https:\/\/www.meisner.at\/\" target=\"_blank\" rel=\"noopener\">Autohaus Meisner<\/a> | Spitzerstr. 37, 3631 Ottenschlag &#8211; Tel. 02872\/7292<br \/>\n<a href=\"http:\/\/www.gastecker.at\/\" target=\"_blank\" rel=\"noopener\">Autohaus Gastecker<\/a> | Gewerbestr. 12, 3382 Loosdorf &#8211; Tel. 02754\/6252<br \/>\n<a href=\"https:\/\/www.roth-ksl.at\/\" target=\"_blank\" rel=\"noopener\">KSL GmbH<\/a> | Gewerbestr. 1, 3373 Kemmelbach &#8211; Tel. 07412\/52338<br \/>\n<a href=\"http:\/\/www.artner.fordpartner.at\/\" target=\"_blank\" rel=\"noopener\">Artner GmbH<\/a> |\u00a0Kottes 97, 3632 Kottes &#8211; Tel. 02873\/7279\n<p><a href=\"https:\/\/www.schmal.at\/\">Autohaus Schmal<\/a> | Manker Stra\u00dfe 8, 3233 Kilb &#8211; Tel. 02748\/7350<\/p>\n\t<p><strong>Rechtsanw\u00e4lte\/Steuerberater\/Unternehmensberatung<\/strong><\/p>\n<a href=\"https:\/\/www.ra-gollonitsch.at\/\" target=\"_blank\" rel=\"noopener\">Dr. Dietmar Gollonitsch<\/a> | G\u00fcrtel 12, 3270 Scheibbs &#8211; Tel. 07482\/42440<br \/>\n<a href=\"http:\/\/www.ra-sigl.at\/\" target=\"_blank\" rel=\"noopener\">Mag. Manfred Sigl<\/a> | Bahnhofstra\u00dfe 8, 3300 Amstetten &#8211; Tel. 07472\/24400<br \/>\n<a href=\"https:\/\/www.gimpl.com\" target=\"_blank\" rel=\"noopener\">Mag. Dr. Klaus Gimpl<\/a> | Stauwerkstra\u00dfe 13, 3370 Ybbs a. d. Donau &#8211; Tel. 07412\/55757\n<p><a href=\"https:\/\/www.pilsbacher.at\/\">Steuerberatungsbu\u0308ro Mag. Dr. Ulrike Pilsbacher<\/a> | Preinsbacherstra\u00dfe 43, 3300 Amstetten &#8211; Tel. 07472\/62860<\/p>\n<p><a href=\"https:\/\/www.gedankenwandern.at\/\">GedankenWandern &#8211; Unternehmensberatung Konrad Gindl<\/a> | Mentoring, Coaching, Mediation, Oed 18, 3321 Kollmitzberg &#8211; Tel. 0677\/63164601<\/p>\n\t<p><strong>Schadens-Sanierungen<\/strong><\/p>\n<p><a href=\"https:\/\/www.retro-service.at\/home\/\">Retro Service<\/a> | Rauscherstra\u00dfe 29 3363 Neufuhrt bei Amstetten | Tel +43 664 782 106 01 Thomas Salzmann<\/p>\n<p><a href=\"https:\/\/www.polar.co.at\/\" target=\"_blank\" rel=\"noopener\">Polar, Entfeuchtung und Sanierung Gmbh<\/a> | Niederlassung N\u00d6 &#8211; P\u00f6chlarnerstra\u00dfe 32, 3251 Purgstall an der Erlauf 3 &#8211; Tel. 07489\/20527<\/p>\n<p><a href=\"https:\/\/www.fichtinger.co.at\/\" target=\"_blank\" rel=\"noopener\">Haustechnik Fichtinger GMBH<\/a> | Oberer Markt 23, 3691 N\u00f6chling &#8211; Tel. 07414 7264<\/p>\n<p><a href=\"https:\/\/www.wabs.at\/\" target=\"_blank\" rel=\"noopener\">WABS Objektsanierung<\/a> | Niederlassung N\u00d6 &#8211; Laurenz-Dorrer-Stra\u00dfe 7, 3300 Amstetten &#8211; Tel. 07472\/63500<\/p>\n<a href=\"https:\/\/www.mibag.at\/kontakt\/\" target=\"_blank\" rel=\"noopener\">MIBAG St.P\u00f6lten \/ Linz<\/a> |\u00a0Keimstra\u00dfe 11, 3100 St. P\u00f6lten &#8211; Tel. 02742 3137800<br \/>\n\n\t<strong>Gesundheitswesen<\/strong><br \/>\n<a href=\"https:\/\/dr-weninger.at\/home.html\">Doz. Dr. Patrick Weninger<\/a> | Kniespezialist &#8211; Wien &#8211; Tel. 0699\/17242838<br \/>\n<a href=\"https:\/\/www.gbzmelk.at\/weintoegl\">OA Dr. Johannes Weint\u00f6gl<\/a> | Allg.Medizin \/ Sportarzt &#8211; Matzleinsdorf \/ Melk &#8211; Tel. 02752\/20500\n<a href=\"http:\/\/prome.at\/\">prome<\/a> | Physiotherapie &#8211; Loosdorf &#8211; Tel. 02754\/21232<br \/>\n<a href=\"https:\/\/maxmoves.at\/\">Max Moves<\/a> | Physiotherapie &#8211; Melk &#8211; Tel. 02752\/51129\n\t<p>SIE WOLLEN MEHR \u00dcBER DIE NEUN AGENTUREN WISSEN?<\/p>\n<p><a href=\"https:\/\/www.convencio.at\/wordpress\/team\/\">Klicken und mehr erfahren.<\/a><\/p>\n\t<h4>&#8230; ODER GLEICH KONTAKT MIT DEM ZENTRALB\u00dcRO IN YBBS AUFNEHMEN?<\/h4>\n\n<a href=\"https:\/\/www.convencio.at\/wordpress\/kontakt\/\">Klicken und zur Kontaktseite gelangen.<\/a><br \/>\n\n\n","protected":false},"excerpt":{"rendered":"<p>\u201eZUSAMMEN ARBEITEN, GEMEINSAM L\u00d6SUNGEN FINDEN UND ZUFRIEDEN STELLENDE SERVICELEISTUNGEN&#8221; DAS SIND DIE GRUNDLAGEN UND DAS FUNDAMENT FUNKTIONIERENDER NETZWERKE. ERFAHRUNGSWERTE UND SPEZIALISIERTES WISSEN SIND DIE BASIS F\u00dcR ERFOLGREICHE KOOPERATIONEN. Uns ist es eine Herzensangelegenheit unsere Kunden zu einem partnerschaftlichen Netzwerk zu verknu\u0308pfen. Der Erfolg liegt auf der Hand. Wir vernetzen und nutzen gemeinsam die Kraft jedes&hellip;<\/p>\n","protected":false},"author":1,"featured_media":0,"parent":0,"menu_order":4,"comment_status":"closed","ping_status":"closed","template":"","meta":[],"_links":{"self":[{"href":"https:\/\/www.convencio.at\/wordpress\/wp-json\/wp\/v2\/pages\/116"}],"collection":[{"href":"https:\/\/www.convencio.at\/wordpress\/wp-json\/wp\/v2\/pages"}],"about":[{"href":"https:\/\/www.convencio.at\/wordpress\/wp-json\/wp\/v2\/types\/page"}],"author":[{"embeddable":true,"href":"https:\/\/www.convencio.at\/wordpress\/wp-json\/wp\/v2\/users\/1"}],"replies":[{"embeddable":true,"href":"https:\/\/www.convencio.at\/wordpress\/wp-json\/wp\/v2\/comments?post=116"}],"version-history":[{"count":16,"href":"https:\/\/www.convencio.at\/wordpress\/wp-json\/wp\/v2\/pages\/116\/revisions"}],"predecessor-version":[{"id":712,"href":"https:\/\/www.convencio.at\/wordpress\/wp-json\/wp\/v2\/pages\/116\/revisions\/712"}],"wp:attachment":[{"href":"https:\/\/www.convencio.at\/wordpress\/wp-json\/wp\/v2\/media?parent=116"}],"curies":[{"name":"wp","href":"https:\/\/api.w.org\/{rel}","templated":true}]}}

<img loading="lazy" src="https://www.convencio.at/wordpress/wp-content/uploads/2020/09/CONVENCIO_20-09_Websiteupdate-Neue-Linie_Header4.jpg" alt="CONVENCIO_20-09_Websiteupdate-Neue-Linie_Header4" itemprop="image" height="800" width="2500" title="CONVENCIO_20-09_Websiteupdate-Neue-Linie_Header4" onerror="this.style.display='none'"  />
	<h3><strong>„ZUSAMMEN ARBEITEN, GEMEINSAM LÖSUNGEN FINDEN UND ZUFRIEDEN STELLENDE SERVICELEISTUNGEN&#8221;</strong><br />
DAS SIND DIE GRUNDLAGEN UND DAS FUNDAMENT FUNKTIONIERENDER NETZWERKE.<br />
ERFAHRUNGSWERTE UND SPEZIALISIERTES WISSEN SIND DIE BASIS FÜR ERFOLGREICHE KOOPERATIONEN.</h3>
	<h4><strong>Uns ist es eine Herzensangelegenheit unsere Kunden zu einem partnerschaftlichen Netzwerk zu<br />
verknüpfen. Der Erfolg liegt auf der Hand. Wir vernetzen und nutzen gemeinsam die Kraft jedes<br />
einzelnen Unternehmens. Wir profitieren gemeinsam von den Besten und freuen uns miteinander<br />
über gute Geschäfte. Mehr Vorteile für alle!</strong></h4>
Professionelle Vertragswerkstätten für Kasko- und sonstige Schäden, natürlich mit Leihwagen<br />
für Sie oder mit einer „sauberen Lösung&#8221; &#8211; unserer Fahrzeugkomplettreinigung.<br />
Ausgewählte Sanierungsfirmen mit persönlichem Ansprechpartner aus dem Netzwerk, Rechtsanwälte<br />
und Steuerberater mit den besten Empfehlungen, handverlesene Physiotherapeuten und<br />
Ärzte mit mehr Zeit für Sie. Apropos Zeit: Sparen Sie sich Ihre wertvolle Zeit für mehr Freizeit,<br />
denn wir sparen nicht, wenn es um Sie und Ihr Unternehmen geht.<br />

	<h4><strong>UNSER BUSINESS-NETZWERK (auszugsweise)</strong></h4>
<p>&nbsp;</p>
<p><strong>KFZ-Werkstätten</strong></p>
<a href="https://www.kfz-steinmetz.at/" target="_blank" rel="noopener">KFZ Steinmetz</a> | Steinmetz GmbH &#8211; Mitterndorf 3, 3691 Nöchling &#8211; Tel. 07414/7310<br />
<a href="http://www.profisamwerk.at/" target="_blank" rel="noopener">Fa. Strasser</a> | Abschleppdienst, Kfz-Technik, Karosserie und Oberflächentechnik &#8211; Jacob Mayer-Straße 2, 3300 Amstetten &#8211; Tel. 0664/5439000<br />
<a href="https://www.eigenthaler.at" target="_blank" rel="noopener">Autohaus Eigenthaler GmbH</a>  | Texing 15, 3242 Texing &#8211; Tel. 02755/7224<br />
<a href="https://www.eigenthaler.at" target="_blank" rel="noopener">Autohaus Eigenthaler GmbH </a> | Reichsstraße 10, 3380 Pöchlarn &#8211; Tel. 02757/4555<br />
<a href="https://www.pruckner.co.at/" target="_blank" rel="noopener">Autohaus Brüder Pruckner GesmbH</a> | Zur Autobahn 3, 3250 Wieselburg &#8211; Tel. 07416/52466<br />
<a href="https://www.pruckner.co.at/" target="_blank" rel="noopener">Autohaus Brüder Pruckner GesmbH</a> | Gewerbestr. 5, 3270 Scheibbs &#8211; Tel. 07482/42966<br />
<a href="https://www.slawitscheck.at/" target="_blank" rel="noopener">Slawitscheck Amstetten</a> | Landstraße 22 &#8211; 3304 Amstetten/St.Georgen &#8211; Tel. 07472/66799<br />
<a href="https://www.senker.at" target="_blank" rel="noopener">Fa. Senker Ybbs</a> | Porschestraße 2, 3370 Ybbs/Donau &#8211; Tel. 07412 55700<br />
<a href="https://www.senker.at" target="_blank" rel="noopener">Fa. Senker Melk</a> | Abt Karl-Straße 80, 3390 Melk &#8211; Tel. 02752 50100<br />
<a href="https://www.senker.at" target="_blank" rel="noopener">Fa. Senker Amstetten</a> | Rauscherstr. 45, 3300 Amstetten-Neufurth &#8211; Tel. 07475/9001<br />
<a href="https://www.lagerhaus-mostviertelmitte.at/atz-kilb+2500++1270849" target="_blank" rel="noopener">ATZ Kilb</a> | Raiffeisen Lagerhaus &#8211; Bahnhofstr. 17, 3233 Kilb &#8211; Tel. 02748/7571<br />
<a href="https://atz-steinakirchen-wolfpassing.haendler.nissan.at/de/startseite?utm_source=sn&amp;utm_medium=cpc&amp;utm_campaign=ganzjahreskampagnen_sn&amp;utm_content=nissan_ATZ_steinakirchen" target="_blank" rel="noopener">ATZ Steinakirchen</a> | Automeile 1, 3261 Wolfpassing  &#8211; Tel. 07488/71490<br />
<a href="https://www.lagerhaus-mostviertelmitte.at/atz-poechlarn+2500++1270848" target="_blank" rel="noopener">ATZ Pöchlarn</a> | Raiffeisen Lagerhaus &#8211; Bahnstr. 3-5, 3380 Pöchlarn &#8211; Tel. 02757/2666<br />
<a href="https://www.meisner.at/" target="_blank" rel="noopener">Autohaus Meisner</a> | Spitzerstr. 37, 3631 Ottenschlag &#8211; Tel. 02872/7292<br />
<a href="http://www.gastecker.at/" target="_blank" rel="noopener">Autohaus Gastecker</a> | Gewerbestr. 12, 3382 Loosdorf &#8211; Tel. 02754/6252<br />
<a href="https://www.roth-ksl.at/" target="_blank" rel="noopener">KSL GmbH</a> | Gewerbestr. 1, 3373 Kemmelbach &#8211; Tel. 07412/52338<br />
<a href="http://www.artner.fordpartner.at/" target="_blank" rel="noopener">Artner GmbH</a> | Kottes 97, 3632 Kottes &#8211; Tel. 02873/7279
<p><a href="https://www.schmal.at/">Autohaus Schmal</a> | Manker Straße 8, 3233 Kilb &#8211; Tel. 02748/7350</p>
	<p><strong>Rechtsanwälte/Steuerberater/Unternehmensberatung</strong></p>
<a href="https://www.ra-gollonitsch.at/" target="_blank" rel="noopener">Dr. Dietmar Gollonitsch</a> | Gürtel 12, 3270 Scheibbs &#8211; Tel. 07482/42440<br />
<a href="http://www.ra-sigl.at/" target="_blank" rel="noopener">Mag. Manfred Sigl</a> | Bahnhofstraße 8, 3300 Amstetten &#8211; Tel. 07472/24400<br />
<a href="https://www.gimpl.com" target="_blank" rel="noopener">Mag. Dr. Klaus Gimpl</a> | Stauwerkstraße 13, 3370 Ybbs a. d. Donau &#8211; Tel. 07412/55757
<p><a href="https://www.pilsbacher.at/">Steuerberatungsbüro Mag. Dr. Ulrike Pilsbacher</a> | Preinsbacherstraße 43, 3300 Amstetten &#8211; Tel. 07472/62860</p>
<p><a href="https://www.gedankenwandern.at/">GedankenWandern &#8211; Unternehmensberatung Konrad Gindl</a> | Mentoring, Coaching, Mediation, Oed 18, 3321 Kollmitzberg &#8211; Tel. 0677/63164601</p>
	<p><strong>Schadens-Sanierungen</strong></p>
<p><a href="https://www.retro-service.at/home/">Retro Service</a> | Rauscherstraße 29 3363 Neufuhrt bei Amstetten | Tel +43 664 782 106 01 Thomas Salzmann</p>
<p><a href="https://www.polar.co.at/" target="_blank" rel="noopener">Polar, Entfeuchtung und Sanierung Gmbh</a> | Niederlassung NÖ &#8211; Pöchlarnerstraße 32, 3251 Purgstall an der Erlauf 3 &#8211; Tel. 07489/20527</p>
<p><a href="https://www.fichtinger.co.at/" target="_blank" rel="noopener">Haustechnik Fichtinger GMBH</a> | Oberer Markt 23, 3691 Nöchling &#8211; Tel. 07414 7264</p>
<p><a href="https://www.wabs.at/" target="_blank" rel="noopener">WABS Objektsanierung</a> | Niederlassung NÖ &#8211; Laurenz-Dorrer-Straße 7, 3300 Amstetten &#8211; Tel. 07472/63500</p>
<a href="https://www.mibag.at/kontakt/" target="_blank" rel="noopener">MIBAG St.Pölten / Linz</a> | Keimstraße 11, 3100 St. Pölten &#8211; Tel. 02742 3137800<br />

	<strong>Gesundheitswesen</strong><br />
<a href="https://dr-weninger.at/home.html">Doz. Dr. Patrick Weninger</a> | Kniespezialist &#8211; Wien &#8211; Tel. 0699/17242838<br />
<a href="https://www.gbzmelk.at/weintoegl">OA Dr. Johannes Weintögl</a> | Allg.Medizin / Sportarzt &#8211; Matzleinsdorf / Melk &#8211; Tel. 02752/20500
<a href="http://prome.at/">prome</a> | Physiotherapie &#8211; Loosdorf &#8211; Tel. 02754/21232<br />
<a href="https://maxmoves.at/">Max Moves</a> | Physiotherapie &#8211; Melk &#8211; Tel. 02752/51129
	<p>SIE WOLLEN MEHR ÜBER DIE NEUN AGENTUREN WISSEN?</p>
<p><a href="https://www.convencio.at/wordpress/team/">Klicken und mehr erfahren.</a></p>
	<h4>&#8230; ODER GLEICH KONTAKT MIT DEM ZENTRALBÜRO IN YBBS AUFNEHMEN?</h4>

<a href="https://www.convencio.at/wordpress/kontakt/">Klicken und zur Kontaktseite gelangen.</a><br />

<p>„ZUSAMMEN ARBEITEN, GEMEINSAM LÖSUNGEN FINDEN UND ZUFRIEDEN STELLENDE SERVICELEISTUNGEN&#8221; DAS SIND DIE GRUNDLAGEN UND DAS FUNDAMENT FUNKTIONIERENDER NETZWERKE. ERFAHRUNGSWERTE UND SPEZIALISIERTES WISSEN SIND DIE BASIS FÜR ERFOLGREICHE KOOPERATIONEN. Uns ist es eine Herzensangelegenheit unsere Kunden zu einem partnerschaftlichen Netzwerk zu verknüpfen. Der Erfolg liegt auf der Hand. Wir vernetzen und nutzen gemeinsam die Kraft jedes&hellip;</p>
